?
-3
Let j(a) = 9*a + 1. What is j(-5)?
-44
Let n(x) = 4*x**2 + x - 2. Calculate n(1).
3
Let y(o) = -5*o - 71. Determine y(-14).
-1
Let y(l) = -l**2 + 11*l - 3. Determine y(8).
21
Let g(j) = j**2 + 23*j - 20. Determine g(-24).
4
Let i(u) = -2*u**2 - 4*u - 4. Give i(4).
-52
Let d(i) = i**2 + 8*i + 7. Calculate d(-12).
55
Let b(s) = -19*s - 46. Determine b(-2).
-8
Let v(m) = 2*m + 1. Give v(6).
13
Let u(x) = 27*x - 2. Determine u(6).
160
Let d(s) = -s**2 - 4*s + 2. Calculate d(-7).
-19
Let m(q) = q**2 + 21*q + 54. Calculate m(-17).
-14
Let t(w) = 36*w**3 + w**2 - 2. Determine t(1).
35
Let m(g) = 5*g - 1. What is m(1)?
4
Let m(i) = i + 2. Give m(0).
2
Let w(y) = y**2 - y. Give w(3).
6
Let m(i) = 5*i - 47. Determine m(10).
3
Let o(g) = 2*g**2 + 7*g - 40. What is o(3)?
-1
Let r(g) = g**2 - 7*g - 260. Give r(20).
0
Let t(j) = -2*j**2 + 54*j - 58. Determine t(26).
-6
Let m(q) = 3*q**2 + 2*q - 7. Calculate m(-5).
58
Let u(a) = a + 21. Calculate u(11).
32
Let b(r) = -7*r - 21. What is b(-4)?
7
Let x(g) = -g**2 + 7*g + 2. Calculate x(4).
14
Let f(m) = -24*m - 71. Give f(-3).
1
Let d(r) = 5*r + 4. Give d(-4).
-16
Let o(i) = i**3 - 7*i**2 - 20*i - 93. Determine o(10).
7
Let x(g) = g**3 + 32*g**2 + 6*g + 205. What is x(-32)?
13
Let d(o) = -5*o - 27. Determine d(-11).
28
Let y(b) = -17*b + 134. Determine y(8).
-2
Let r(h) = h**2 - 7*h - 11. Determine r(-3).
19
Let c(d) = -28*d**3 - 2*d**2 - 2*d - 1. Give c(-1).
27
Let a(u) = 6*u - 33. Give a(5).
-3
Let w(n) = n**3 + 7*n**2 + 2*n - 5. Calculate w(-6).
19
Let k(i) = -i**3 + 4*i**2 - 2*i + 1. Determine k(3).
4
Let f(o) = -o**2 - 52*o - 419. Determine f(-10).
1
Let k(n) = n**3 - 9*n**2 + 13*n - 1. Calculate k(4).
-29
Let s(n) = -2*n**3 + 8*n**2 - 2. Calculate s(4).
-2
Let i(d) = d**3 + 6*d**2 - 18*d - 11. Give i(-8).
5
Let f(h) = -h**3 - h**2 + h + 13. What is f(0)?
13
Let c(v) = -v**3 + 5*v**2 + 11*v + 23. What is c(7)?
2
Let o(j) = -j**3 + 11*j**2 - j + 13. What is o(11)?
2
Let s(w) = -7*w**2 + 3*w - 2. Give s(1).
-6
Let h(z) = z**3 - 7*z**2 + 3*z - 2. Give h(6).
-20
Let u(r) = r**3 - 6*r**2 - 6*r - 3. What is u(6)?
-39
Let s(y) = y**3 + 4*y**2 - 7*y - 6. Give s(-5).
4
Let a(d) = -3*d - 1. Calculate a(1).
-4
Let y(l) = 9*l + 41. What is y(-5)?
-4
Let j(y) = 2*y**3 - 10*y**2 + 2*y - 15. Give j(5).
-5
Let r(c) = -2*c**3 + c**2 - 3*c - 3. Determine r(-2).
23
Let z(j) = j**3 + 2*j**2 + 5*j + 6. What is z(-4)?
-46
Let a(b) = b**3 + 4*b**2 - 6*b + 7. Determine a(3).
52
Let g(o) = -o**3 + 6*o**2 - 5*o + 5. What is g(5)?
5
Let m(j) = 11*j - 18. Calculate m(4).
26
Let r(g) = -g**3 - 2*g - 1. Determine r(-2).
11
Let r(a) = 3*a - 1. Calculate r(1).
2
Let o(m) = m**2 + 10*m + 6. Give o(-11).
17
Let t(h) = -3*h**2 + 7*h - 2. Give t(6).
-68
Let c(q) = -5*q + 28. Determine c(7).
-7
Let y(p) = -5*p - 51. Determine y(-8).
-11
Let t(u) = -u**2 + 12*u - 24. Calculate t(11).
-13
Let v(g) = g**2 - 5. Determine v(-6).
31
Let r(v) = v - 10. What is r(5)?
-5
Let g(q) = -q**3 + 9*q**2 + 9*q + 19. What is g(10)?
9
Let q(a) = -a**3 - 13*a**2 - 2*a - 15. What is q(-13)?
11
Let r(v) = 23*v**2 - 54*v + 55. Give r(1).
24
Let c(u) = -29*u + 717. Calculate c(25).
-8
Let r(j) = -j**3 + 10*j**2 + 28*j - 55. Determine r(12).
-7
Let w(j) = -j**3 - j**2 - 3*j + 35. What is w(0)?
35
Let q(i) = 7*i**3 - 4*i**2 - 2*i + 3. What is q(2)?
39
Let p(k) = k**3 + 7*k**2 + k + 2. Give p(-7).
-5
Let g(c) = c**3 + 25*c**2 + 22*c - 60. What is g(-24)?
-12
Let g(c) = -7*c + 34. Give g(0).
34
Let b(d) = -9*d**2 + 6*d - 5. What is b(1)?
-8
Let r(v) = 11*v + 9. Calculate r(-3).
-24
Let t(c) = c + 1. Calculate t(-8).
-7
Let p(w) = -10*w + 165. What is p(16)?
5
Let y(x) = x**2 - 9*x + 3. Calculate y(4).
-17
Let h(s) = 10*s - 12. Give h(4).
28
Let b(a) = a**3 + 9. Determine b(0).
9
Let k(b) = 4*b + 18. Give k(-4).
2
Let v(u) = -9*u + 3. Determine v(-4).
39
Let t(s) = -2*s**2 + 16*s - 8. Give t(7).
6
Let u(t) = -t**2 - 10*t + 6. Give u(-9).
15
Let l(n) = 35*n**2 - 3*n + 2. Calculate l(1).
34
Let z(f) = -f**2 - 7*f - 2. Calculate z(-6).
4
Let h(i) = i**3 - 7*i**2 + 26*i - 82. Determine h(5).
-2
Let m(y) = -10*y**2 - 3*y + 1. What is m(-2)?
-33
Let d(u) = u**2 - 10*u + 22. What is d(8)?
6
Let t(w) = 3*w + 20. Calculate t(-10).
-10
Let x(k) = k**2 + 8*k - 4. What is x(-9)?
5
Let h(j) = j**2 - 3*j + 5. What is h(2)?
3
Let p(h) = -11*h**3 + 3*h**2 - h - 1. What is p(1)?
-10
Let c(d) = d**3 + 7*d**2 + 5*d + 6. Determine c(-6).
12
Let x(s) = s**2 + 7*s + 8. Give x(-10).
38
Let q(a) = -a**2 - 33*a - 59. Give q(-32).
-27
Let n(k) = -k**3 + 18*k**2 + k - 27. Determine n(18).
-9
Let n(w) = -w**3 + 5*w**2 + 8*w + 2. Calculate n(7).
-40
Let o(g) = -g**3 - 4*g**2 + 3*g + 3. What is o(-4)?
-9
Let i(q) = q**2 + 14*q + 12. What is i(-12)?
-12
Let j(p) = -4*p + 2. Give j(-6).
26
Let r(y) = -y**3 - 30*y**2 - 30*y - 12. What is r(-29)?
17
Let x(s) = -s**3 + s + 6. What is x(0)?
6
Let q(r) = -2*r - 10. Determine q(9).
-28
Let k(h) = -33*h + 27. What is k(-6)?
225
Let b(u) = 10*u - 4. Determine b(4).
36
Let z(a) = 7*a**2 - 2*a - 1. Calculate z(-1).
8
Let y(t) = -t**3 - 4*t**2 - 4*t + 4. Calculate y(-4).
20
Let v(l) = -3*l**3 - 6*l + 17. Calculate v(2).
-19
Let b(g) = g**2 - 4*g - 1. Determine b(5).
4
Let o(b) = 6*b + 20. Determine o(-4).
-4
Let p(a) = -a**3 - 5*a**2 + 5. What is p(-4)?
-11
Let g(a) = -a**3 + 15*a**2 - 4. Give g(15).
-4
Let g(n) = 2*n + 1. What is g(-7)?
-13
Let g(d) = 3*d**2 + 11*d - 2. Give g(-5).
18
Let n(f) = -f**2 - 3*f - 4. Give n(-2).
-2
Let y(d) = -d**2 + 4*d - 4. What is y(3)?
-1
Let p(c) = -24*c - 14. What is p(-2)?
34
Let c(v) = -4*v - 21. Give c(-6).
3
Let q(f) = 6*f - 2. Give q(3).
16
Let i(v) = -v**3 - 12*v**2 - 20*v - 3. Give i(-10).
-3
Let c(v) = -v**3 + 6*v**2 - 2*v + 23. Give c(7).
-40
Let b(v) = -12*v - 7. Give b(-1).
5
Let f(c) = -3*c**2 - 55*c - 66. Calculate f(-17).
2
Let r(k) = -k**2 - 12*k - 2. Give r(-15).
-47
Let s(j) = -j**2 - 10*j + 1. Give s(-8).
17
Let x(m) = -m**2 + 13*m - 12. Determine x(14).
-26
Let u(a) = 2*a**2 - 1. Calculate u(-2).
7
Let u(s) = -8*s - 2. Determine u(1).
-10
Let i(n) = -7*n + 89. Determine i(12).
5
Let t(i) = -2*i**3 - 9*i**2 + 4*i - 6. What is t(-5)?
-1
Let r(x) = -2*x**2 - 9. Determine r(0).
-9
Let i(y) = y**3 - 5*y**2 - 10*y + 34. Determine i(6).
10
Let v(r) = r**3 + 16*r**2 - 37*r - 24. Give v(-18).
-6
Let r(f) = f**2 - 14*f + 8. Calculate r(18).
80
Let h(o) = -o - 1. Give h(-7).
6
Let p(a) = 6*a + 38. What is p(-7)?
-4
Let s(q) = -q**3 - 6*q**2 - 3*q + 15. Give s(-7).
85
Let c(k) = 2*k - 4. Determine c(3).
2
Let u(b) = -b**2 + 6*b - 5. Determine u(4).
3
Let a(m) = -m**2 + m + 26. Determine a(0).
26
Let n(h) = 2*h**3 - 12*h**2 + h - 1. Give n(6).
5
Let w(i) = i**2 + 8*i - 4. Give w(-7).
-11
Let m(k) = k - 45. Calculate m(45).
0
Let x(u) = -2*u**2 + 9*u - 4. Determine x(6).
-22
Let g(r) = r**3 - 14*r**2 - 11*r - 62. Determine g(15).
-2
Let b(t) = -t**3 + t - 4. What is b(-3)?
20
Let r(g) = -g**3 - 4*g**2 + g - 14. Give r(-5).
6
Let p(q) = 2*q - 20. Give p(14).
8
Let o(k) = 14*k**2 - 2*k - 1. Calculate o(-1).
15
Let d(o) = -9*o + 84. Calculate d(10).
-6
Let y(c) = c**3 + 20*c**2 - 43*c + 15. What is y(-22)?
-7
Let y(k) = 8*k - 1. Give y(-2).
-17
Let z(q) = -2*q**3 + 109*q**2 + 54*q + 53. Determine z(55).
-2
Let d(j) = j**3 - 4*j**2 - 5*j + 9. Calculate d(4).
-11
Let z(m) = -m**3 + 11*m**2 - 4*m + 11. Determine z(11).
-33
Let r(s) = -9*s - 50. Calculate r(-12).
58
Let p(g) = -5*g. What is p(1)?
-5
Let l(o) = 4*o + 66. What is l(-19)?
-10
Let m(c) = c - 1. What is m(7)?
6
Let z(m) = -4*m - 104. Give z(-26).
0
Let l(g) = -g + 12. Give l(6).
6
Let p(x) = 3*x**3 - 23*x**2 + 4*x + 67. Give p(7).
-3
Let o(j) = -j**3 - 4*j**2 + 19*j - 8. Determine o(-7).
6
Let z(q) = -4*q**3 + 35*q**2 + 5*q + 44. Calculate z(9).
8
Let r(l) = -2*l**3 + 5. Determine r(-3).
59
Let d(z) = z**3 - 44*z**2 - 4*z + 157. What is d(44)?
-19
Let f(w) = w**2 - 66. What is f(8)?
-2
Let c(z) = -z**3 + 19*z**2 - 18*z + 12. What is c(18)?
12
Let u(x) = -x**3 - 31*x**2 - x - 27. Calculate u(-31).
4
Let c(v) = 2*v - 52. Calculate c(25).
-2
Let m(h) = -h**3 - 21*h**2 - 8. What is m(-21)?
-8
Let b(t) = -2*t + 14. Give b(-10).
34
Let g(s) = 6*s**3 + 2*s**2 - 7*s - 8. Calculate g(-1).
-5
Let n(o) = o**3 - 7*o**2 + 10*o - 12. What is n(6)?
12
Let l(o) = o + 5. Ca